ainder when l is divided by 9.
5
Suppose 0 = 2*j - 3*j + 4. What is the remainder when 10 is divided by j?
2
Let k = -13 + 19. Let h(z) = z**3 - 7*z**2 + 8*z - 4. Let d be h(k). Let f = d - 5. Calculate the remainder when f is divided by 1.
0
Suppose -j + 7 = 6, j - 12 = -y. What is the remainder when 75 is divided by y?
9
Suppose -4*z + 33 = -11. Let v(q) = 2*q - 16. What is the remainder when v(z) is divided by 2?
0
Let j(l) = 7*l + 19. Calculate the remainder when j(6) is divided by 21.
19
Let x = -5 + 7. Suppose -x*q + 5*a + 16 = 2*a, 0 = -q + 4*a + 13. What is the remainder when 12 is divided by q?
2
Let g = -178 - -250. Suppose -2*n + 7*n = 4*a - g, 3*a = 4*n + 54. Suppose -5*h + 74 = 3*m - a, 2*m = 3*h + 55. Calculate the remainder when m is divided by 15.
14
Suppose 0*j + 44 = 4*j. Suppose -5*n = -4*t - 172, 0 = t + 1 + 2. What is the remainder when n is divided by j?
10
Suppose -o + 75 = 4*l + 8, -l - 116 = -2*o. What is the remainder when o is divided by 21?
17
Let s(q) = q - 2. Let l be s(6). Suppose -l + 24 = 5*x. Suppose 7*w - 21 = 4*w. What is the remainder when w is divided by x?
3
Suppose 2*x = -0*x + 126. Calculate the remainder when x is divided by 13.
11
Let p be 74/14 - 4/14. Suppose -12 = b - p*b. What is the remainder when b is divided by 2?
1
Suppose 12*d - 8*d - 12 = 0. Calculate the remainder when 11 is divided by d.
2
Let w be (-18)/(-36) + (-10)/(-4). What is the remainder when (w/(-4))/((-18)/936) is divided by 20?
19
Let v(y) = y + 1. Let n(f) = -7*f - 12. Let p be 1/2 - 20/(-8). Let s(l) = p*n(l) + 24*v(l). What is the remainder when s(8) is divided by 7?
5
Calculate the remainder when 27 is divided by 1/3 - (-164)/12.
13
Calculate the remainder when 25 is divided by 11 - (2/(-6) - 10/(-30)).
3
What is the remainder when (-469)/(-14) + (-9)/(-6) is divided by 19?
16
Suppose f - 38 = 2*h, 5*f - h = f + 131. Suppose -5*y - f = -z - 10*y, z - y = 2. What is the remainder when z is divided by 2?
1
Suppose -4*l - 141 = -617. What is the remainder when l is divided by 30?
29
Suppose 2*z - 27 = -z. Let k = z + 10. What is the remainder when 54 is divided by k?
16
Suppose 5*u = 4*s - 19, 10 = 2*u - 0*u. Calculate the remainder when 20 is divided by s.
9
Let d be (-1)/((4/(-4))/(-3)). What is the remainder when d*(-16 - 3 - -1) is divided by 14?
12
Calculate the remainder when (4/3)/(2/126) is divided by 17.
16
Suppose k - 15 - 14 = 0. Suppose 0*j = -j + 4, 3*q - k = 4*j. Let u(l) = 5*l + 9. What is the remainder when u(7) is divided by q?
14
Let n = -8 - -14. What is the remainder when 1605/75 + 2/(-5) is divided by 34/3 - 2/n?
10
Calculate the remainder when 22 is divided by (-18)/(-4) + (0 + -4)/(-8).
2
Let g(k) = k**3 + 9*k**2 + 3*k + 2. What is the remainder when g(-4) is divided by ((-54)/(-15) + -2)*15?
22
Let b = 1 + 60. Let m = 0 - -16. What is the remainder when b is divided by m?
13
Let s = -7 + 10. Suppose 3*n = -c + 30, 5*c - 2*c - s*n = 78. Let g(t) = 2*t**2 - 6*t + 6. What is the remainder when c is divided by g(4)?
13
Suppose 12 = -0*r + r. What is the remainder when 46 is divided by r?
10
What is the remainder when 417 is divided by ((-380)/15 - -2)*-3?
67
Calculate the remainder when 21 is divided by (9 + -15)*(-8)/6.
5
Let r(q) = 82*q**2. Let v be r(-1). Let w = v + -59. Calculate the remainder when 67 is divided by w.
21
Calculate the remainder when 43 is divided by (-57)/(-4) + (-12)/(-16).
13
Let z(w) = 2*w - 3. Let s(y) = -8*y - 4. What is the remainder when s(-3) is divided by z(7)?
9
Suppose 0*u = 3*u - 63. What is the remainder when u is divided by 6?
3
Suppose 3*u = 5*u - 42. What is the remainder when u is divided by 6?
3
Let m(o) = o**3 - 8*o**2 - 2*o + 13. Calculate the remainder when m(9) is divided by (-4)/(-2) - (-96)/4.
24
Suppose -3*u - 18 = -12*u. What is the remainder when 18 is divided by u?
0
Let k = 2 + -1. Let l(t) = -t + 1. Calculate the remainder when l(-1) is divided by k.
0
Suppose -2*z - z + 48 = 0. What is the remainder when 46 is divided by z?
14
Suppose -6*v + 5*v = 0, -24 = 2*k + 2*v. What is the remainder when 43 is divided by (22/8)/((-3)/k)?
10
Let i = -4 - 0. Let w(l) = -l - 2 - l + 3. What is the remainder when 16 is divided by w(i)?
7
Suppose 3*h - 1 - 17 = 0. Let i be 2/h + (-22)/(-6). Suppose 3*g = -g + i*q + 44, g + 4*q - 21 = 0. Calculate the remainder when 25 is divided by g.
12
Let j be (3 - 11)/(1 - 3). Suppose -j*r = -1 + 37. Let t = -4 - r. Calculate the remainder when 9 is divided by t.
4
Suppose 3*z = 364 - 46. Calculate the remainder when z is divided by 36.
34
Suppose -21 = -u + s, 21 = u - 5*s + 2*s. Suppose 29 = 3*b - 4*o, -o - 2 = -3*o. Calculate the remainder when u is divided by b.
10
Let c = -6 - -8. Let p(w) = 2*w + c - 2*w - w. What is the remainder when p(-5) is divided by 3?
1
Suppose 2*m - 10 = 0, 3*q = 3*m - 7 + 64. What is the remainder when q is divided by 11?
2
What is the remainder when 38/2 + (-2)/(-2) is divided by -3*35/(-15)*1?
6
Suppose 8*v = 2*v + 150. Calculate the remainder when 72 is divided by v.
22
Let o(x) = -32*x. Let h be o(-1). Let f be (-18)/(-99) + 163/11. Let l = h - f. What is the remainder when 50 is divided by l?
16
Suppose -14 = v - 0. Let a = 11 - v. Let z(w) = 5*w - 2. Calculate the remainder when a is divided by z(3).
12
Let o(d) = d + 20. Let j(c) = -20*c - 1. Calculate the remainder when j(-2) is divided by o(0).
19
Let f = 6 + -1. What is the remainder when 12 is divided by f?
2
Let h(z) = z + 5. Let v be h(-4). Suppose 0 = 4*y + 5*g - 15 - v, -4*g = -5*y + 20. Calculate the remainder when 11 is divided by y.
3
Let d = -20 - -27. What is the remainder when 19 is divided by d?
5
Suppose -2*k = -7*k. What is the remainder when (-42 + k)*(-14)/21 is divided by 10?
8
Let l(k) = k**2 - 5*k + 7. Calculate the remainder when 83 is divided by l(9).
40
Let m = 6 + -12. Let p be m/(-4) + (-3)/6. Let v = 11 - p. What is the remainder when 27 is divided by v?
7
Suppose 0 = -0*a + 3*a - 36. Let t = 19 - a. Calculate the remainder when 27 is divided by t.
6
Suppose 7*i = 3*i - 44. Let n = i - -14. Calculate the remainder when n is divided by -1*(0 + (-1 - 0)).
0
Let s be 799/(-4) + 2/(-8). Let a = -131 - s. Calculate the remainder when a is divided by 14.
13
Let y(l) = -l**3 + 9*l**2 + l + 2. Let t(j) = j**2 - 6*j + 2. Let x be t(7). Suppose -k + 38 - 8 = 0. Calculate the remainder when k is divided by y(x).
8
Suppose -11*y = -3*y - 200. What is the remainder when 44 is divided by y?
19
Let k be (2/8*0)/3. Suppose k = r - 3. Calculate the remainder when r is divided by 1.
0
Suppose 5*g + 0*d + d = 70, -d = -3*g + 42. Suppose 2*t - 2 = -3*h, -4*t - 4*h + 8 = -4. Let i = g - t. What is the remainder when 20 is divided by i?
6
Let s be (-6)/(-15) + (-16)/(-10). Let u = s - -1. What is the remainder when 5 is divided by u?
2
Suppose -w = 3*q + 7, 0 = -0*q - 5*q - 15. Let v(d) = 24*d - 2. Let f be v(1). Calculate the remainder when (-99)/f*(-4)/3 is divided by w.
0
Suppose 3*t = 5*t - 20. Calculate the remainder when t is divided by (1 - -2)/(6/8).
2
Suppose -5*c + 45 = -10. What is the remainder when 19 is divided by c?
8
Suppose -1 = 4*n - 6*n + h, n + 4 = -4*h. Suppose n = 2*d - 51 - 17. Suppose 10 = w + y, -d = -4*w + 4*y - 2. Calculate the remainder when 26 is divided by w.
8
Let o = -90 + 160. Suppose -d + 3*x = -38, -4*d + o = -d + 2*x. Suppose 38 + d = 2*a. Calculate the remainder when a is divided by 17.
15
Suppose 2*w - 14 = 10. Let i = 6 + -3. Suppose -i*t + 37 = d, d = -t + 21 + 22. Calculate the remainder when d is divided by w.
10
Let g(w) = -3*w + 9. Calculate the remainder when 106 is divided by g(-3).
16
Let h(b) = -b**3 - 5*b**2 - 4*b + 3. Let v be h(-4). Let o(l) = 5*l - 3. Calculate the remainder when 34 is divided by o(v).
10
Suppose 0 = 6*y - 10*y + 208. Let c = 89 - y. Calculate the remainder when c is divided by 10.
7
Suppose 0*u = 2*u. Let l(s) = -3*s**2 + u*s**2 + 7 - 3 - s + 2*s**2. What is the remainder when 15 is divided by l(0)?
3
Let r(a) = a**3 - 2*a**2 - 5*a - 11. Calculate the remainder when r(5) is divided by 8.
7
Let j = -1 - 0. Let v = j - -20. Suppose 9 = t - 2. Calculate the remainder when v is divided by t.
8
Suppose -10 = 5*l, 3*g + 3*l = -2*g + 149. What is the remainder when g is div